3145?
True
Is 183536 a multiple of 383?
False
Does 359 divide 1539518?
False
Is 228 a factor of 92858?
False
Does 21 divide 57390?
False
Is 9935895 a multiple of 24?
False
Is 23 a factor of 246652?
True
Does 6 divide 96304?
False
Does 20 divide 82080?
True
Does 109 divide 3379?
True
Does 46 divide 195979?
False
Does 1017 divide 4381236?
True
Does 219 divide 75239?
False
Is 6 a factor of 89823?
False
Does 16 divide 14098?
False
Is 2112915 a multiple of 35?
True
Is 122 a factor of 4232912?
True
Is 22693 a multiple of 119?
False
Does 62 divide 55208?
False
Is 117 a factor of 98698?
False
Is 18 a factor of 235037?
False
Is 255182 a multiple of 125?
False
Is 17 a factor of 485833?
False
Is 36 a factor of 445320?
True
Is 1500012 a multiple of 114?
True
Is 2529485 a multiple of 33?
False
Is 11658569 a multiple of 8?
False
Is 392 a factor of 5255232?
False
Is 6631055 a multiple of 155?
True
Is 74900 a multiple of 3?
False
Is 33 a factor of 4196082?
True
Is 9 a factor of 741038?
False
Is 3348948 a multiple of 876?
True
Is 570 a factor of 4489320?
True
Does 211 divide 193386?
False
Does 995 divide 11169870?
True
Is 728277 a multiple of 319?
True
Is 6 a factor of 4332?
True
Does 93 divide 328124?
False
Does 21 divide 2255034?
False
Is 27 a factor of 130437?
True
Is 559 a factor of 23271729?
True
Does 43 divide 623902?
False
Is 285696 a multiple of 186?
True
Is 17 a factor of 2525112?
True
Is 1342424 a multiple of 406?
False
Does 8 divide 1075208?
True
Is 64452 a multiple of 246?
True
Is 10408839 a multiple of 148?
False
Does 223 divide 291684?
True
Is 1010944 a multiple of 16?
True
Is 304 a factor of 1834944?
True
Does 25 divide 645400?
True
Is 255411 a multiple of 39?
True
Is 155736 a multiple of 9?
True
Is 401 a factor of 1318337?
False
Does 16 divide 8631873?
False
Does 10 divide 62271?
False
Is 305 a factor of 1425265?
True
Is 3145869 a multiple of 50?
False
Does 134 divide 2186344?
True
Is 23 a factor of 396313?
True
Does 163 divide 45314?
True
Is 64 a factor of 417152?
True
Is 12 a factor of 94578?
False
Does 32 divide 1764463?
False
Is 463947 a multiple of 11?
True
Is 5 a factor of 233673?
False
Is 30 a factor of 2489087?
False
Is 235 a factor of 527628?
False
Does 49 divide 46452?
True
Is 14 a factor of 2485941?
False
Does 148 divide 535760?
True
Does 4 divide 15880?
True
Is 2889676 a multiple of 116?
True
Is 211 a factor of 1058165?
True
Is 296148 a multiple of 148?
True
Is 302 a factor of 7594696?
True
Is 3253835 a multiple of 443?
True
Does 28 divide 132832?
True
Is 68635 a multiple of 35?
True
Is 11 a factor of 13036?
False
Is 4 a factor of 13838?
False
Is 19185603 a multiple of 224?
False
Is 14 a factor of 154662?
False
Does 9 divide 5922?
True
Does 59 divide 2997377?
True
Is 1260 a factor of 1208340?
True
Is 91296 a multiple of 12?
True
Does 9 divide 360387?
True
Is 74719 a multiple of 68?
False
Is 2587844 a multiple of 406?
True
Is 8 a factor of 311386?
False
Does 171 divide 86859?
False
Does 118 divide 2386786?
True
Is 458617 a multiple of 57?
False
Is 437 a factor of 1003789?
True
Is 30 a factor of 4049773?
False
Does 29 divide 683182?
True
Is 5709456 a multiple of 93?
True
Is 8 a factor of 14300?
False
Is 139 a factor of 2499486?
False
Is 418304 a multiple of 483?
False
Is 33 a factor of 677899?
False
Is 6 a factor of 6546?
True
Does 16 divide 37088?
True
Is 120 a factor of 240960?
True
Is 438 a factor of 2176860?
True
Is 156011 a multiple of 161?
False
Is 11 a factor of 2603502?
True
Is 861108 a multiple of 219?
True
Is 5893040 a multiple of 76?
True
Is 2161425 a multiple of 233?
False
Is 2116857 a multiple of 86?
False
Is 13 a factor of 521001?
True
Is 548358 a multiple of 31?
False
Is 11271832 a multiple of 286?
True
Does 9 divide 4672333?
False
Is 2185547 a multiple of 2508?
False
Is 133521 a multiple of 375?
False
Is 403 a factor of 14210183?
True
Is 57 a factor of 7917015?
True
Is 23 a factor of 2477100?
True
Is 16 a factor of 297412?
False
Does 116 divide 56028?
True
Is 13 a factor of 576894?
False
Does 38 divide 1695005?
False
Is 4 a factor of 536208?
True
Is 17 a factor of 169210?
False
Is 70 a factor of 938286?
False
Is 14 a factor of 297640?
True
Does 14 divide 34440?
True
Does 5 divide 4445196?
False
Is 74952 a multiple of 27?
True
Does 111 divide 155400?
True
Is 687680 a multiple of 114?
False
Is 12548 a multiple of 63?
False
Is 621778 a multiple of 27?
False
Is 1529 a factor of 7622077?
False
Does 67 divide 1104227?
True
Does 46 divide 1326255?
False
Is 351550 a multiple of 5?
True
Does 5 divide 76908?
False
Is 2763123 a multiple of 603?
False
Does 67 divide 341704?
False
Is 1292 a factor of 1582700?
True
Is 19666710 a multiple of 777?
False
Is 127 a factor of 80772?
True
Does 7 divide 137913?
False
Is 5 a factor of 2445989?
False
Does 37 divide 876143?
False
Is 3901241 a multiple of 706?
False
Is 81 a factor of 1387907?
False
Is 10 a factor of 1070?
True
Does 82 divide 452148?
True
Is 701871 a multiple of 23?
False
Is 21 a factor of 124730?
False
Does 88 divide 65594?
False
Is 358730 a multiple of 9?
False
Does 19 divide 155116?
True
Does 8 divide 326368?
True
Is 2 a factor of 560381?
False
Is 128 a factor of 5298?
False
Is 99 a factor of 2198318?
False
Is 22704 a multiple of 10?
False
Is 17 a factor of 36210?
True
Does 38 divide 2216084?
True
Is 45 a factor of 106650?
True
Does 6 divide 6950738?
False
Is 24 a factor of 579654?
False
Does 42 divide 4668132?
True
Is 15380 a multiple of 4?
True
Is 1299647 a multiple of 7?
False
Is 1261124 a multiple of 8?
False
Does 46 divide 26991?
False
Is 367 a factor of 118057?
False
Is 585 a factor of 1624697?
False
Is 6762852 a multiple of 27?
True
Is 387 a factor of 2641275?
True
Is 492384 a multiple of 368?
True
Does 101 divide 674781?
True
Is 131744 a multiple of 22?
False
Is 106 a factor of 96248?
True
Is 47 a factor of 363787?
False
Is 189 a factor of 348516?
True
Is 22 a factor of 3076238?
True
Is 3 a factor of 160830?
True
Is 856200 a multiple of 600?
True
Does 9 divide 28836?
True
Does 29 divide 150104?
True
Is 22 a factor of 11062959?
False
Does 45 divide 67101?
False
Does 63 divide 2126376?
True
Is 13 a factor of 140647?
True
Does 1921 divide 4289593?
True
Is 765072 a multiple of 69?
True
Is 111232 a multiple of 704?
True
Does 220 divide 39820?
True
Does 4 divide 656976?
True
Is 245 a factor of 1386455?
True
Is 63990 a multiple of 162?
True
Is 264 a factor of 684552?
True
Does 209 divide 2890669?
False
Is 135744 a multiple of 64?
True
Does 19 divide 659568?
False
Does 9 divide 89275?
False
Is 7 a factor of 13261?
False
Is 553 a factor of 13808196?
False
Does 74 divide 10545601?
False
Is 413230 a multiple of 10?
True
Is 1834056 a multiple of 42?
True
Is 3500185 a multiple of 98?
False
Is 5275975 a multiple of 7?
False
Is 2787919 a multiple of 80?
False
Does 47 divide 23306?
False
Does 171 divide 4117049?
False
Is 436491 a multiple of 33?
True
Is 49 a factor of 1545411?
True
Is 41 a factor of 4150?
False
Is 9312561 a multiple of 9?
True
Is 182180 a multiple of 42?
False
Is 19 a factor of 8568905?
True
Is 432877 a multiple of 2?
False
Does 154 divide 23100?
True
Is 106 a factor of 9445660?
True
Does 138 divide 8442978?
True
Is 4563 a multiple of 351?
True
Is 6400501 a multiple of 166?
False
Is 6862407 a multiple of 5?
False
Does 220 divide 105478?
False
Is 53 a factor of 132775?
False
Is 490869 a multiple of 12?
False
Is 38556 a multiple of 357?
True
Does 169 divide 24674?
True
Does 71 divide 70716?
True
Does 8 divide 475965?
False
Is 4685042 a multiple of 76?
False
Is 5 a factor of 93045?
True
Is 11 a factor of 39414?
False
Does 39 divide 729345?
False
Is 374829 a multiple of 23?
False
Is 742 a factor of 3113432?
True
Is 416988 a multiple of 12?
True
Is 23 a factor of 1280410?
True
Is 191 a factor of 784326?
False
Is 13 a factor of 992472?
True
Is 13 a factor of 352733?
False
Is 19084 a multiple of 52?
True
Is 2802645 a multiple of 45?
True
Is 4 a factor of 908105?
False
Is 9 a factor of 37422?
True
Is 93187 a multiple of 21?
False
Is 36 a factor of 722484?
True
Does 9 divide 166392?
True
Does 12 divide 551432?
False
Is 224894 a multiple of 18?
False
Does 437 divide 5120329?
True
Does 95 divide 630398?
False
Does 61 divide 536739?
True
Is 1255872 a multiple of 248?
True
D